e k(-2).
-39
Let t(f) = -f + 18. Let x(a) = 10*a - 137. Let h(o) = -6*t(o) - x(o). What is h(9)?
-7
Let x(g) = 36*g + 0 + 3 - 9*g. Let m(s) = 11*s + 1. Suppose 3*a - 2*o = 2*o + 19, 3*a - 13 = -2*o. Let r(t) = a*x(t) - 12*m(t). Give r(3).
12
Let d(t) = 11*t - 1. Let a(m) be the third derivative of -m**5/12 - 11*m**2. Let y be a(-1). Let w(o) = -17*o + 2. Let l(s) = y*w(s) - 8*d(s). Give l(-2).
4
Let t(d) = 6 + 0*d - 5 - d + 3*d. Suppose -12*b - 6 = 18. Let w be b*1*((-2)/(-1))/(-4). Give t(w).
3
Let y(x) = 90*x + 48 + 1 - 127*x + 40*x + 15. Determine y(-15).
19
Let d(c) = 399*c - 14. Let y(b) = 184*b - 7. Let p(q) = 6*d(q) - 13*y(q). Let s = 27 - 19. What is p(s)?
23
Let g = 4412 + -4422. Let b(j) = j**2 + 16*j + 15. Determine b(g).
-45
Let n(p) = -2*p. Suppose c - 4*v + 22 = v, -2*v + 4 = 2*c. Let a be (((-8)/c)/12)/((-1)/6). Give n(a).
4
Let h(g) = -5*g - 3. Let w(x) = 6*x**2 + 6*x + 4. Let s be w(-1). Suppose 3*j - s*z + 2 = 0, j + z = 4*j + 14. Determine h(j).
27
Let u(w) = 4*w**2 - 13*w - 4. Let a be u(4). Suppose a*h - 1 = 7. Let m(n) = 0 - 2*n**2 - 2*n + 0*n**2 + 4*n - 1. Calculate m(h).
-1
Let s(z) = -z**2 + 10*z + 9. Let q(b) = -b + 5. Let k(u) = u**2 - u - 188. Let x be k(14). Let c be q(x). Determine s(c).
-2
Let q(n) be the second derivative of -n**5/20 - 7*n**4/6 - 13*n**3/6 - 17*n**2/2 - 92*n - 1. Suppose -3*c = -2*g - 38, 5*c - 5 = 3*g + 54. What is q(g)?
-17
Let g(c) = -6*c - 10. Let b(l) = -7*l - 22. Let h(u) = -3*b(u) + 4*g(u). Calculate h(-11).
59
Let b = 9 - 11. Let x(r) be the first derivative of 4*r**2 + 6709. Calculate x(b).
-16
Let t(r) = 10*r + 10. Let o = -19 - -15. Calculate t(o).
-30
Suppose 0 = 4*x + 9*q - 7*q + 2, x = -3*q - 13. Let h(n) = 19*n + 4*n**x - 18*n - 16*n**2 + 11 - n**3. Give h(-12).
-1
Let x = 83 - 82. Let b(v) be the second derivative of 5*v**4/12 - 20*v. What is b(x)?
5
Let g(o) = -9210*o - 2 + 9214*o + 5 - 3. Suppose r = -2*c - 3*r - 14, -5*r - 23 = -3*c. Suppose 0 = 2*y - 3 + c. Calculate g(y).
4
Let c = -1525 - -687. Let z = c - -837. Let n(y) = -y + 4*y - 4*y - 2. Give n(z).
-1
Let m(v) = -v**2 - 8*v + 5. Let f be m(-7). Let x be f + ((-48)/3)/4. Let w(p) = 2*p + 4 + 4*p - 5*p - x. Determine w(4).
0
Let t(x) be the second derivative of x**6/120 - x**5/60 - x**4/12 - x**3/2 - 91*x**2/2 - 5*x + 18. Let w(m) be the first derivative of t(m). What is w(0)?
-3
Let i(y) be the third derivative of y**4/12 - 7*y**3/3 - 4*y**2 - 15*y. Calculate i(9).
4
Let b(x) = -x**2 + 8*x - 25. Suppose 9*n = -38*n + 517. Give b(n).
-58
Let f(c) be the second derivative of c**4/12 - 11*c**3/2 + 34*c**2 - c + 1312. Determine f(33).
68
Let d be 77/(-11) + 8 + (-20)/5. Let h(m) = -9*m**2 - 16*m + 4. Give h(d).
-29
Let a(w) = -577 + 568 + w**3 + 4*w**2 - 9*w - w**2. Suppose 837 + 41 = -160*r + 78. Determine a(r).
-14
Suppose -2*d + 68 + 4 = 0. Let m = d + -19. Let p(g) = -5*g - 6*g + 1 + m*g**2 - 6*g + 15*g. Determine p(1).
16
Let n(s) be the third derivative of -8/3*s**3 + 1/24*s**4 + 0*s + 0 - 96*s**2. Calculate n(8).
-8
Let x be (-2 + (-16)/(-5))/(930/1550). Let a(f) = -42*f + 21. Calculate a(x).
-63
Let a(g) = 12*g - 74. Let l(h) = -42*h**2 + 76*h + 24. Let f be l(2). Determine a(f).
22
Let y(p) = -p**3 - 41*p**2 - 78*p + 11. Let i be y(-39). Let x(o) = 7*o**2 - 12*o - 26*o**3 + 14*o**3 - 17*o**2 + 36 + 13*o**3 - 14. What is x(i)?
11
Let r(z) = z**2 + 19*z - 38. Let l = 2634 - 2632. Calculate r(l).
4
Let n be (-6)/2*2/3. Let p be (-7 - -2) + (1 - -3) + 3. Let x(w) = -w**2 - p - 5*w**2 - 20*w + 18*w. Determine x(n).
-22
Suppose -168 + 0 = 24*p. Let f(x) = x**3 + 6*x**2 - 7*x - 7. Calculate f(p).
-7
Suppose 3*j - 18 = 9. Let b(f) = 18 - j - 7 + 2*f. Suppose 0*l - 4*l - 12 = 0. What is b(l)?
-4
Let q(t) = -13*t**2 + 1451*t + 12. Let f(j) = -j**2 + 121*j. Let d(l) = -12*f(l) + q(l). Suppose 3 = -3*m + b, -2 = 4*m + 4*b - 14. What is d(m)?
12
Let x = -6 + 13. Let p(m) = -481*m**3 + m + x*m**2 - 2*m + 480*m**3 + 9. Calculate p(7).
2
Suppose -2*z + 0*z = 0. Let o(m) be the first derivative of -2*m + 1/2*m**2 + 0*m**3 + 7 - 1/4*m**4. Determine o(z).
-2
Let m be (475/57 - 8/1)/(2/72). Let h(a) = -a + 8. Calculate h(m).
-4
Let c(s) = 15 + 17*s + 2082*s**3 + 2056*s**3 + 17*s**2 - 4137*s**3. Give c(-16).
-1
Let y(x) = 3*x**2 - 8*x - 7. Let j(l) = -10*l**2 + 26*l + 24. Let g(f) = 2*j(f) + 7*y(f). Let n be g(3). Let t(c) = 6*c - 4. Give t(n).
-28
Let l(p) = -3*p**2 + p. Let w = -5 - -13. Let o(q) = -8*q + 66. Let b be o(w). What is l(b)?
-10
Suppose -3 = 5*m + 27. Let y(z) = 249*z**2 + 33*z + 9. Let v(i) = -218*i**2 - 30*i - 9. Let x(o) = -8*v(o) - 7*y(o). Determine x(m).
-9
Let s = 391 - 390. Suppose 0 = -3*r + 9, x - 4*r + s = -r. Let n(m) = -m**3 + 9*m**2 - 7*m + 7. Calculate n(x).
15
Let w(x) = -67 + 149*x + 139*x - 492*x + 173*x. What is w(-2)?
-5
Let a(p) be the third derivative of -p**5/60 + p**4/4 - p**3 + 13*p**2 - 3. Let s be 2/(4*(-5)/(-60)). Give a(s).
-6
Let u(z) = 17*z + 31. Let w(t) = t**2 + 17*t - 20. Let q be w(-18). Let h be u(q). Let y(m) = m**3 + 6*m**2 + 4*m - 1. Determine y(h).
14
Let f(b) be the second derivative of -b**7/840 + 7*b**6/360 - b**5/15 - b**4/8 - 115*b**3/6 + 92*b. Let t(r) be the second derivative of f(r). Calculate t(5).
7
Let t(s) = 26*s**3 + 8*s**2 - 6*s - 4. Let k(n) = -69*n**3 - 23*n**2 + 14*n + 13. Let a(c) = -3*k(c) - 8*t(c). Suppose -6 + 31 = 5*u. What is a(u)?
23
Let p(k) = -2*k**2 + 0*k**2 - k + 3 - 5*k - 2 + 3*k**2. Suppose 3*w - 5*j + 9 = 49, -3*w - 5*j = 10. What is p(w)?
-4
Let h(r) be the second derivative of -r**5/20 - 3*r**4/4 - 2*r**3 - 19*r**2/2 + 26*r - 24. Calculate h(-8).
13
Let l(j) = 10*j + 52 + j**2 + 37*j**2 - 11*j - 143*j**3 + 142*j**3. What is l(38)?
14
Suppose 0*i - 76 = 3*p + 4*i, -p - 4*i = 36. Let c(o) = 2*o**3 + 39*o**2 - 20*o + 7. Calculate c(p).
7
Let l(w) = -w**3 - 5*w**2 + w + 1. Suppose 0 = 117*h - 122*h - 10. Let r be ((-176)/24*3/h)/(-1). Let c(z) = z**2 + 8*z - 36. Let m be c(r). Determine l(m).
-20
Suppose -10*u + 11*u + 4 = 0. Let w(k) = 10*k**3 + 2 - 2*k**2 + 7*k**2 - 9*k**3 - k**2. Calculate w(u).
2
Suppose 349*s + 2*t = 353*s + 8, -4*s - 8 = -3*t. Let q(c) = 4*c + 14. What is q(s)?
6
Let l(s) = 9 - 8*s - 14 - 5*s + s + 7. Suppose -5*w + 5 = 20. Determine l(w).
38
Let k(g) = g**3 - 9*g**2 + 2*g + 3. Let n(v) = -v**3 + v**2 + 11*v - 15. Let w be n(2). Let t(o) = 6*o**2 - 16*o + 3. Let j be t(w). Calculate k(j).
21
Let g = 6577 - 6553. Let o(u) = -7*u + 25. Let j(d) = 15*d - 50. Let m(v) = 6*j(v) + 13*o(v). Determine m(g).
1
Suppose -14*f - 50 + 22 = 42. Let p(a) = 3*a - 17. Give p(f).
-32
Let f(c) = -5*c**2 + 8*c - 53. Let m(h) = -12*h**2 + 16*h - 121. Let k(o) = 9*f(o) - 4*m(o). Determine k(-3).
10
Let n(d) be the third derivative of 11*d**6/120 - d**5/30 + d**4/8 - 1410*d**2 - d. Determine n(2).
86
Let h(n) = 16*n**2 - 97*n + 8. Let y be h(6). Let t(o) = 57 + o**2 - 17 - y*o**2 - 8*o - 16. Give t(-10).
4
Let n(o) = o**3 + 2*o**2 - o. Let i = 222 - 219. Suppose -a + 4*p - i = 0, -5*a - 15 = 5*p - 10*p. What is n(a)?
-6
Let p(j) = j**3 + 26*j**2 + 2*j + 55. Let v be p(-26). Suppose b - 3*a + 10 = 0, -4*a - 13 = 2*b - v*a. Let f(m) = -m**2 - 9*m - 9. Determine f(b).
5
Let u be 266/(-57)*(-1)/(14/24). Suppose 2*o - y + 11 = 13, 2*y = u. Let n(f) = -2*f**3 + 4*f**2 - 4*f + 4. Calculate n(o).
-26
Let z(g) = -g**3 - 8*g**2 - 4*g - 4. Let w be ((-17)/51)/(3/18)*3. Determine z(w).
-52
Suppose 3*r - 2*s = 246, -4*s = 5*r - 0*r - 388. Suppose r*y + 48 = 92*y. Let i(k) = k - 1. Calculate i(y).
3
Let v(z) be the third derivative of -5*z**4/24 + 7*z**3/6 + z**2 - 54*z. Suppose 0*g - 5*g = 4*p - 50, -4*p + 46 = 3*g. Give v(p).
-43
Suppose 2*i + 828 = 2*l + 812, 4*l - 26 = 2*i. Let b(h) = -3 + 2*h + 3*h**2 - h**3 - h + 6*h. What is b(l)?
-18
Let s(j) = -j**3 - 19*j**2 - 10. Let i(f) = f**3 + 16*f**2 + 9. Let k(l) = -15*l - 99. Let r be k(-7). Let g(c) = r*i(c) + 5*s(c). Give g(-3).
-14
Let u(c) = 0 + 6 + 5 - 2*c - 13. Determine u(-11).
20
Let a(y) be the second derivative of -y**4/4 + 7*y**3/6 + 9*y**2/2 - 1828*y. Calculate a(5).
-31
Let a(w) be the second derivative of -1/3*w**4 + 1/6*w**3 + 91*w + 2*w**2 - 1/20*w**5 - 1. What is a(-3)?
-8
Let y(m) = -4*m**2 - 50*m + 2. Let a be y(-8). Suppose a = r + 141. Let z(b) = -4*b + 5. Determine z(r).
-15
Let f(z) = -2*z